 k - z. Calculate the highest common factor of 80 and k.
10
Suppose t + 5 = -0, t = 2*b - 185. Calculate the highest common divisor of b and 30.
30
Suppose 0*y + 2*y = 74. Let j = 61 - y. What is the greatest common divisor of 8 and j?
8
Suppose -3*f - 10 = -5*d - 3, 0 = -f - 3*d + 7. Let x be 1/((-10)/(-9) - f). Let s be (6/x)/(2/15). What is the highest common divisor of 10 and s?
5
Let r(q) be the third derivative of q**4/12 + 2*q**3/3 - 3*q**2. Let i be r(-3). Let g be 14 - ((-6)/3 - i). Calculate the highest common divisor of 28 and g.
14
Let y be 7/(196/316) - 4/14. What is the greatest common factor of 11 and y?
11
Let t be ((-2)/(-3))/((-2)/6). Let x(q) = -q - 1. Let i be x(t). Suppose 5*s + 26 = n, -n = -s - i - 9. What is the highest common divisor of 4 and n?
2
Let m be ((-28)/42)/((-2)/528). Let o = m - 32. Calculate the highest common divisor of o and 18.
18
Suppose 4*o + 55 = z + 2*z, -5*z + 107 = o. Suppose 283 + 205 = 8*f. Suppose -f = -4*d - 5. What is the highest common divisor of z and d?
7
Suppose 5*i - 3*s - 165 = -8*s, -3*s - 189 = -5*i. Calculate the greatest common divisor of i and 90.
18
Suppose -3*f + 12 - 6 = 0. Let t be (23 - f)*(-6 + 7). What is the highest common factor of 21 and t?
21
Suppose -5*c = -20, -c - 2*c + 12 = -3*o. Let j be -45*(o/1 - 1). Suppose -u + 5*u = -2*i + 62, 2*u - 21 = -3*i. What is the highest common divisor of u and j?
9
Let u be 718/(-6) - (-6)/9. Let h = -75 - u. Let k = h - 30. Calculate the highest common divisor of k and 21.
7
Let h(g) = g**2 + 10*g + 38. Let u be h(-5). Let d be (-1)/2 - (-53)/2. What is the highest common divisor of d and u?
13
Let d = -8 + 10. Suppose q - 14 = d. What is the highest common divisor of q and 40?
8
Suppose 6*d - 84 = 2*d. Suppose 0 = -2*b + 9 + d. Suppose 0 = q - 0*q - b. What is the greatest common factor of 135 and q?
15
Suppose 5*j - 16 = -6. Suppose -j = 3*w - 5*w. What is the highest common factor of 3 and w?
1
Suppose 4*z - 551 = -5*u, -z = -5*z + 2*u + 586. Calculate the highest common factor of 24 and z.
24
Suppose -73 = y - 4*t, -2*y - 36 = 3*t + 55. Let b = 77 + y. Let u(a) = 3*a**2 + 3*a. Let m be u(-5). Calculate the highest common factor of m and b.
12
Let g = 43 - 39. What is the greatest common divisor of g and 44?
4
Let g(k) = -k - 5. Let n be g(-5). Suppose n = -8*r + 4*r + 32. Calculate the highest common divisor of 2 and r.
2
Suppose 3*a + 3 - 9 = 0. Suppose -2*z - 2*f + 450 = 164, -a*f + 574 = 4*z. Calculate the greatest common factor of z and 16.
16
Let p(s) = -s**2 + 6*s. Let x be p(6). Suppose 5*n - k - 14 = x, n - 2 = k - 0. Calculate the highest common factor of n and 33.
3
Let i(f) = -f**3 - 6*f**2 + 4*f - 9. Let l be i(-7). What is the highest common divisor of l and 12?
12
Suppose 3*a - 3 = 0, -l + 5*a = -3*l - 21. Let d = l + 19. What is the greatest common factor of 48 and d?
6
Let x = 63 + -38. Let s(z) = -115*z**3 + 2 - 5*z**2 + 3*z**2 - 1 + 341*z**3. Let l be s(1). Calculate the greatest common divisor of l and x.
25
Suppose -h - 4 = -2*c, -2*h - 3*h + 8 = -3*c. Calculate the greatest common factor of h and 28.
4
Let k = -56 - -80. Let j = -111 + 303. Calculate the greatest common divisor of k and j.
24
Let m(w) = w**3 - 5*w**2 + 4. Let i be m(5). Suppose -3*t + 5*c = -31, 0 = 5*t - 5*c - 26 - 19. Let p = t + 3. Calculate the greatest common divisor of p and i.
2
Let k be ((-9)/(-6))/(6/(-56)). Let q(t) = -t**3 - 13*t**2 + 15*t + 19. Let d be q(k). What is the highest common factor of d and 1?
1
Suppose 4 = 3*b - 17. What is the highest common factor of b and 14?
7
Let k = 735 - 504. Suppose -75 = -3*w - 3*l, l + l + 55 = 3*w. What is the greatest common divisor of k and w?
21
Suppose -5*r + 30 = -3*f + 5*f, 3*f + 2*r - 23 = 0. Suppose u + 24 = 2*b + 3, f*b + 5*u = 30. What is the greatest common divisor of 36 and b?
9
Let l(t) = t**3 - 29*t**2 - 63*t + 48. Let q be l(31). Suppose -2*c + 306 = -0*c. What is the greatest common divisor of q and c?
17
Suppose -3*c + 16 = -14. Calculate the highest common factor of c and 30.
10
Suppose -118 = -5*s + 32. Calculate the highest common factor of s and 270.
30
Let j(n) = -n**2 + 2*n + 3. Let s be j(-6). Let v = 63 + s. Calculate the greatest common factor of 9 and v.
9
Suppose -2*t + 20 = -x - 3*x, -x + 28 = 5*t. What is the greatest common factor of 12 and t?
6
Let k(j) = j**2 - 8*j - 9. Let m be k(-4). Suppose -161 = -5*o - 31. Calculate the highest common divisor of m and o.
13
Suppose -4*w = -j - 93, 0 = -3*w + j + 6 + 63. What is the greatest common divisor of w and 12?
12
Suppose -5*s + 80 = -0. Let r be 3/((-1005)/(-498) + -2). Let k = -86 + r. What is the highest common factor of k and s?
16
Let t be (-2)/(-4) - 216/(-16). Let z(i) = -3 + 0 + 18*i + 2. Let j be z(2). What is the highest common factor of j and t?
7
Let x = 1 - -1. Suppose -x - 4 = -3*p. What is the greatest common divisor of 10 and p?
2
Suppose 21 = h - 3*p, 2*h - 4*p - 7 = -5*p. Let t be (6/(-3) - -5)*18. Calculate the highest common factor of h and t.
6
Suppose 5*h - 82 = 4*y, -y = -5*y + 8. Let d = 9 + 0. What is the highest common factor of d and h?
9
Suppose 0*g - 106 = -3*g - 5*p, -g - 3*p = -42. Suppose -2*s + 18 = -s. Calculate the highest common factor of g and s.
9
Let a(w) = 2*w**3 + 13*w**2 + 6*w + 6. Let u be a(-6). Calculate the greatest common divisor of u and 102.
6
Suppose -4*o + 0 = -108. Let y = o - -116. Calculate the highest common divisor of y and 13.
13
Let t be 3 + (-3)/(3/4) - -26. What is the highest common divisor of 15 and t?
5
Let t be (8/(-6))/(2/(-3)). Suppose w - t*w = -2. Suppose 12 = 2*l + w. Calculate the highest common divisor of l and 5.
5
Suppose 2*r + r - 180 = 0. Let z be (-6 + 0)*(-2)/4. Suppose 0 = -6*y + z*y + 45. What is the highest common divisor of r and y?
15
Let k = -85 + 33. Let p be (3*1)/(6/188). Let g = k + p. Calculate the greatest common divisor of g and 6.
6
Suppose -a + 2 + 0 = 0. Let v = a + -2. Suppose k + 3 - 5 = v. What is the highest common divisor of k and 8?
2
Let v be -1*0*3/(-6). Suppose -2*k + 5*k - 42 = v. What is the highest common factor of k and 28?
14
Let u be (-15 - -1)/(-5 + (-36)/(-8)). Let p(a) = -a**3 - 5*a**2 - 2*a - 3. Let b be p(-5). What is the greatest common factor of b and u?
7
Let t(g) = g**3 + 2*g**2 - g + 75. Let q be t(0). What is the greatest common factor of q and 15?
15
Let o(i) = i**2 - 3*i - 6. Let x be o(-4). Suppose -3*r + 5*h + 462 = 0, r - h = -2*r + 462. Calculate the greatest common divisor of r and x.
22
Suppose 0 = x - 5, -2*p + x + 171 = -58. What is the highest common divisor of p and 9?
9
Let k = 50 - 23. Suppose 0*g + 3*g - 6 = 0. Suppose p - 5*p = w - 9, -w + 3 = g*p. Calculate the highest common divisor of p and k.
3
Suppose 5*i + 3*j = 114, 4*j + 44 = 2*i + 6*j. Calculate the highest common factor of i and 72.
24
Let o = 3 - 1. Suppose o*u = 6*u - 184. What is the highest common factor of 115 and u?
23
Let p be 205 + (2 - (0 + -2)). Calculate the highest common divisor of 19 and p.
19
Let m be (-2)/(-3) + 102/9. Let j be 1/4 - (-345)/m. Suppose 2*v - j = 41. What is the greatest common divisor of v and 5?
5
Let l = -29 + 52. Let u = -34 - -218. What is the greatest common divisor of u and l?
23
Let z(b) = b**3 - 5*b**2 + 5*b + 3. Let w be z(4). Let u be (-140)/(-35) + -4 + 0 + 1. Calculate the greatest common factor of u and w.
1
Suppose 0*n + r = -4*n + 725, 0 = -2*n + r + 355. What is the greatest common divisor of 18 and n?
18
Let y(i) = i**2 - 7*i + 8. Let v be y(8). What is the greatest common divisor of 4 and v?
4
Let q = -3 - -11. Let v be (-2)/q + 737/4. What is the highest common divisor of v and 23?
23
Let i = 24 + -15. Suppose 4*h - 23 = -19. Calculate the highest common factor of i and h.
1
Let t(a) = 3*a - 8. Let r be t(7). Suppose 0 = -4*s + 254 + 6. Let b be s*5/((-75)/(-12)). Calculate the highest common factor of r and b.
13
Suppose 2*f - 53 = 5. Let b = -4 + -5. Let q = b + f. Calculate the highest common factor of 60 and q.
20
Let l be (-4)/6 + 1032/9 + -4. What is the highest common factor of l and 10?
10
Let z(a) = 13*a - 9. Let u be z(5). Calculate the greatest common divisor of 7 and u.
7
Let x(o) = o**3 - 6*o**2 - 4*o + 6. Let r be x(6). Let m = -15 - r. What is the high